pose -p + c*t - 10*t + 851 = 0, 2*p = -3*t + 1757. What is the hundreds digit of p?
8
Let a = -36941 - -59237. What is the thousands digit of a?
2
Let l = 43916 - -33459. What is the thousands digit of l?
7
Let c(h) = h**3 + 24*h**2 - 68*h + 12. What is the hundreds digit of c(-15)?
0
What is the thousands digit of (-18 - -67148)/35 - (7*-1)/(-1)?
1
Suppose -739*n + 90 = -729*n. What is the tens digit of (-527)/(-8) + 17*n/1224?
6
Let j(r) = r**2 - 2*r - 7. Suppose 0 = -8*w - 64 + 184. Suppose 0 = -a + l + l - 9, -5*l + w = -a. What is the tens digit of j(a)?
2
Suppose -1607*r = -1606*r - 9620. What is the hundreds digit of r?
6
Let i be (-26)/39*594/4. Let v = 1068 - i. What is the tens digit of v?
6
Let t be 7/((-21)/30) - 3/1. Let y = 95 + -136. Let w = t - y. What is the tens digit of w?
2
Suppose -u + 468 = 3*u. Let n = -42 + u. Suppose -50 = -5*j + n. What is the units digit of j?
5
Let y be (-4 + -1)*(-432)/240. What is the units digit of 3 + y/2 + (-1)/(-2)?
8
Let p(d) = -4*d**2 + 46*d - 43. Let c(u) = u**2 - 16*u + 14. Let f(q) = -17*c(q) - 6*p(q). What is the units digit of f(7)?
5
Let a be (-17)/(-4) - 5 - (-44)/16. Suppose -5*q = -3*d + 1980, -685 = -3*d + a*q + 1295. What is the tens digit of d?
6
Let j be (-1 + 0)*(-669 + (4 - -4)). Let t = -558 + j. What is the units digit of t?
3
Let r = -69 + 352. Suppose -3*n - w = -209, 14*n + r = 18*n - 3*w. What is the tens digit of n?
7
Let q(d) = 3*d + 47. Let o(x) = -3*x - 47. Let m(f) = 6*o(f) + 5*q(f). What is the units digit of m(-34)?
5
Suppose -8*f + 6291 + 117069 = 0. What is the tens digit of f?
2
Suppose 0 = -9*f + 53378 + 50071 - 2379. What is the thousands digit of f?
1
What is the tens digit of 21056399/871 - 4/(-134)?
7
Let i(s) = -s - 4. Let n be i(-3). Let h(a) be the first derivative of 110*a**3/3 - a**2/2 - a - 3. What is the tens digit of h(n)?
1
Suppose 17*g - 188222 = -43280. What is the hundreds digit of g?
5
Let m(p) = -p**3 + p**2 + 4*p + 4. Let r be m(-2). Suppose -3*l + l - 3*d - 12 = 0, 2*l + d + r = 0. Let s(c) = -12*c + 11. What is the units digit of s(l)?
7
What is the tens digit of 23585 - ((-3)/(-2))/(29/(-58))?
8
Let t(b) = 4*b**2 - 65*b + 87. Let r be t(15). Suppose r*f - 72 = 1524. What is the tens digit of f?
3
Suppose 31*m + 731200 = 66*m - 228815. What is the units digit of m?
9
Suppose 24*v + 2*v - 23*v = 20598. What is the units digit of v?
6
Suppose 2*i = -2*m + 4, 5*i = -m + 5 - 7. What is the units digit of 2667*i*(-54)/81?
8
Let z(p) = 18*p + 69. Let o be z(-16). Let k = o - -628. What is the units digit of k?
9
Let v(h) = 796*h**3 - h**2 - 2*h + 2. Let k be v(1). Suppose -k = -3*d + 2*r, 3*r + 1061 = 4*d - 0*r. What is the units digit of d?
3
Let i(k) = 35*k**2 + 45*k + 232. What is the hundreds digit of i(-11)?
9
Let r(j) = 144*j - 1. Let t = -61 - -57. Let q be (0 + 1)/((-2)/t) - 1. What is the tens digit of r(q)?
4
Let k(g) = -301*g**3 - 2*g**2 - g + 1. Let q be -1*1*(5/(-1))/(-5). What is the tens digit of k(q)?
0
Let i(k) = k**3 - 19*k**2 + k - 20. Let t be i(19). What is the tens digit of ((-5 - 0)*3)/(t/32)?
8
Let t = -1444 - -3727. What is the tens digit of t/5 - 4/(-10)?
5
Suppose 0 = -4292*r + 4253*r + 3160989. What is the hundreds digit of r?
0
Let t be -17 + 102 + 13 - (-2 - -2). Let h = -28 + 85. Let n = t - h. What is the tens digit of n?
4
Let l(c) = 20*c - 23*c - 39*c - 1. What is the tens digit of l(-12)?
0
Let x(y) = -y**3 - 13*y**2 + 14*y. Let n be x(-14). Suppose -4*h - 21 = s, -4*s = h - n*s - 6. Let f(r) = -13*r + 1. What is the tens digit of f(h)?
7
Let h be (-36)/(-8)*(-152)/(-342). Let d(g) = -g**2 + 9*g - 5. Let q be d(8). Suppose -a = q*a + i - 185, -82 = -h*a - 4*i. What is the tens digit of a?
4
Let r(b) = -b**2 + 20*b - 13. Let f be r(19). Suppose 6*d = -12 - f. What is the tens digit of d + 2 + 83 + (-4 - -2)?
8
What is the thousands digit of -15 - -11863 - (-25)/(-15)*6?
1
Suppose z - 3*q - 28 = -0*z, 0 = z + q - 8. Suppose -z*a = -16*a + 15. Suppose -2*h - 1 = 3*s + 5, -a*s = -h + 23. What is the units digit of h?
3
What is the units digit of (3488*1 - 1) + (-4 - 4)?
9
Let c = 22878 + -4544. What is the hundreds digit of c?
3
Let j be (-186)/(-66) - (-2)/11. Suppose -z + 3*x = z - 11, -14 = -j*z + 5*x. Suppose 16*n - z*n - 411 = 0. What is the tens digit of n?
3
Suppose -4*v + 26 = -7*v + 2*m, -5*v - 42 = -2*m. What is the units digit of 3848/7 + v/(-28)?
0
Let i = 27272 + -24398. What is the units digit of i?
4
Suppose -4*l + 4978 + 3310 = 0. Suppose 3*k + f = -3*f + 2117, -3*k + 5*f = -l. What is the hundreds digit of k?
6
Let f(y) = -96*y - 2477. What is the hundreds digit of f(-48)?
1
Suppose -203*y - 2597305 = -13461459. What is the ten thousands digit of y?
5
Suppose -v - 4*j + 16 + 8 = 0, 0 = -3*v - 2*j + 22. Suppose s - v*s + 1095 = 5*o, 0 = -2*s - 10. What is the units digit of o?
2
Let j be 13 + 0 + 3/6*-4. Suppose 2*k = i + 1521, -j*k + 7*k + 3077 = 5*i. What is the tens digit of k?
6
Suppose w - 21018 - 2385 = -q, -2*w = -q - 46788. What is the units digit of w?
7
Let f be 1461*-2*((-8)/2)/(-24). Let t = -32 - f. What is the units digit of t?
5
Suppose -5*v = 5*q - 1 + 11, -2*v = q + 7. Suppose 0 = q*l + 8*t - 5*t - 2670, -3*t = 0. What is the units digit of l?
0
What is the units digit of (-1 - (-5435)/15)/((-52)/12 - -5)?
2
Let d(g) be the first derivative of 9*g**4/4 - 11*g**3/3 + 17*g**2/2 - 6*g + 112. What is the units digit of d(4)?
2
Suppose d - 17472 = -2*i, -d - 17466 = -2*d + 4*i. What is the units digit of d?
0
Let i = -88 - -144. What is the tens digit of (-687)/(-21) - (-16)/i?
3
Suppose 115*p + 17*p - 804164 = 5*p. What is the thousands digit of p?
6
Let p = -4856 - -9191. What is the units digit of p?
5
Suppose 2*r + 990 = -5*b, 0 = -b + 3*b + 3*r + 407. Let x = b - -340. What is the units digit of x?
4
Let f be (694/(-5))/((-20)/50). Let a = f + -11. Suppose -4*q + 12 + a = 0. What is the tens digit of q?
8
Suppose 5*p - 36 = -6*h + 2*h, 4*p = 4*h. Suppose -8*t = -5*t - h*w - 2410, 4*t - 3210 = 2*w. What is the units digit of t?
2
Let w = 2 - -1. Suppose 0*r = 4*q - 4*r - 5608, -4*q = w*r - 5622. Suppose -7*a + q = -a. What is the tens digit of a?
3
Suppose 571158 = -90*r + 111*r. What is the units digit of r?
8
Let j be (-159)/60*4*(1 + 4). What is the units digit of j/(-6) - (-26)/156?
9
Suppose -101200 = -5*x - 27*r + 29*r, 0 = 5*x + 5*r - 101165. What is the units digit of x?
8
Let h = 170 - 254. Let z = h - -91. Let y(r) = -r**3 + 10*r**2 - 10*r + 1. What is the tens digit of y(z)?
7
Suppose 34882 = 4*g + 29*s - 31*s, 0 = 5*g + 4*s - 43570. What is the tens digit of g?
1
Suppose -q + 138 = 3*q + 3*p, 2*q - 62 = 2*p. Let l = q + 79. What is the units digit of l?
2
What is the hundreds digit of -1 + -190504*(-4)/32?
8
Suppose 559*y = 562*y - 6699. Suppose -7*m + y + 882 = 0. What is the tens digit of m?
4
Let k(a) be the second derivative of -17*a**5/10 + 3*a**3/2 + 3*a**2 - 101*a. What is the tens digit of k(-3)?
9
Let q(b) = b**2 - 23*b - 65. Let t = -13 + 39. What is the tens digit of q(t)?
1
Suppose -4 = -14*t + 15*t, -4*t + 1220 = 3*h. What is the units digit of h?
2
Let k = 9698 + -6853. What is the hundreds digit of k?
8
Let u = 30441 + -18450. What is the units digit of u?
1
Suppose 81*r - 82*r = -3*u + 47538, -2*u + 5*r = -31718. What is the hundreds digit of u?
8
Let o(l) = -5*l**2 - 10*l + 10. Let u(y) = y**2 - y + 1. Let z(s) = -o(s) - 6*u(s). Let k be (70/(-25))/(1/(-5)). What is the units digit of z(k)?
2
Let w be (78/(-7))/((3 - 8)/35). Suppose f + 4*f - 79 = -3*a, -2*a = 4*f - 52. Let r = w - a. What is the tens digit of r?
5
Let k = 80 - 41. Let a = 41 - k. Suppose -a*h + 8 = -148. What is the tens digit of h?
7
Let j = 265 + -255. What is the tens digit of 150 + (-25)/j*2?
4
Let j(t) = -21231*t - 1075. What is the hundreds digit of j(-2)?
3
Let g = 6378 + 5846. What is the thousands digit of g?
2
Let u be ((-22)/5)/((-18)/45). Suppose -2*r = 5*y + u, -3*y - 7 = r - 0*r. Suppose 111 = 4*f + 2*d - 7*d, -r*d = -5*f + 126. What is the units digit of f?
4
Suppose -4*p - 110298 = -3*u, -2*p = -u + 14601 + 22167. What is the units digit of u?
2
Let z(y) = 10*y - 258*y**2 + 128*y**2 + 3 + 50 + 131*y**2. What is the units digit of z(-8)?
7
Let d = -304 + 312. What is 